actors of 1899?
3, 211
What are the prime factors of 14059?
17, 827
What are the prime factors of 653?
653
What are the prime factors of 899?
29, 31
List the prime factors of 30465.
3, 5, 677
What are the prime factors of 8104?
2, 1013
List the prime factors of 27032.
2, 31, 109
List the prime factors of 1292.
2, 17, 19
List the prime factors of 713.
23, 31
What are the prime factors of 6958?
2, 7, 71
List the prime factors of 5179.
5179
List the prime factors of 58741.
58741
What are the prime factors of 1423?
1423
What are the prime factors of 1452?
2, 3, 11
What are the prime factors of 1015?
5, 7, 29
What are the prime factors of 3726?
2, 3, 23
List the prime factors of 469.
7, 67
List the prime factors of 850.
2, 5, 17
List the prime factors of 6496.
2, 7, 29
List the prime factors of 19483.
19483
What are the prime factors of 1330?
2, 5, 7, 19
What are the prime factors of 2470?
2, 5, 13, 19
What are the prime factors of 38636?
2, 13, 743
List the prime factors of 53497.
61, 877
What are the prime factors of 3684?
2, 3, 307
What are the prime factors of 1675?
5, 67
What are the prime factors of 3875?
5, 31
What are the prime factors of 1493?
1493
List the prime factors of 73446.
2, 3, 12241
What are the prime factors of 50862?
2, 3, 7, 173
What are the prime factors of 6308?
2, 19, 83
What are the prime factors of 1002?
2, 3, 167
List the prime factors of 2801.
2801
List the prime factors of 32168.
2, 4021
List the prime factors of 13473.
3, 499
What are the prime factors of 2601?
3, 17
List the prime factors of 1219.
23, 53
What are the prime factors of 42819?
3, 7, 2039
What are the prime factors of 80485?
5, 16097
What are the prime factors of 3698?
2, 43
List the prime factors of 1764.
2, 3, 7
List the prime factors of 47133.
3, 5237
List the prime factors of 19486.
2, 9743
List the prime factors of 10814.
2, 5407
List the prime factors of 237.
3, 79
List the prime factors of 73076.
2, 18269
What are the prime factors of 379?
379
What are the prime factors of 2905?
5, 7, 83
What are the prime factors of 13695?
3, 5, 11, 83
List the prime factors of 64086.
2, 3, 11, 971
What are the prime factors of 4774?
2, 7, 11, 31
List the prime factors of 1008.
2, 3, 7
What are the prime factors of 36831?
3, 12277
What are the prime factors of 2066?
2, 1033
What are the prime factors of 8377?
8377
List the prime factors of 23073.
3, 7691
What are the prime factors of 160919?
11, 14629
What are the prime factors of 14832?
2, 3, 103
List the prime factors of 66062.
2, 17, 29, 67
List the prime factors of 5124.
2, 3, 7, 61
List the prime factors of 5069.
37, 137
List the prime factors of 21957.
3, 13, 563
List the prime factors of 38730.
2, 3, 5, 1291
What are the prime factors of 5434?
2, 11, 13, 19
List the prime factors of 934.
2, 467
List the prime factors of 3626.
2, 7, 37
What are the prime factors of 7793?
7793
List the prime factors of 1923.
3, 641
What are the prime factors of 4941?
3, 61
What are the prime factors of 27756?
2, 3, 257
What are the prime factors of 93901?
93901
List the prime factors of 4076.
2, 1019
List the prime factors of 1307.
1307
List the prime factors of 10972.
2, 13, 211
What are the prime factors of 2590?
2, 5, 7, 37
What are the prime factors of 5352?
2, 3, 223
What are the prime factors of 266?
2, 7, 19
List the prime factors of 43397.
43397
List the prime factors of 63037.
13, 373
What are the prime factors of 39464?
2, 4933
List the prime factors of 7476.
2, 3, 7, 89
List the prime factors of 2391.
3, 797
List the prime factors of 3949.
11, 359
What are the prime factors of 2065?
5, 7, 59
What are the prime factors of 6585?
3, 5, 439
List the prime factors of 1024.
2
List the prime factors of 36734.
2, 18367
What are the prime factors of 45260?
2, 5, 31, 73
List the prime factors of 472.
2, 59
What are the prime factors of 12933?
3, 479
List the prime factors of 36831.
3, 12277
List the prime factors of 104031.
3, 3853
List the prime factors of 25405.
5, 5081
List the prime factors of 896.
2, 7
List the prime factors of 3136.
2, 7
What are the prime factors of 293?
293
List the prime factors of 4871.
4871
List the prime factors of 6772.
2, 1693
List the prime factors of 4337.
4337
What are the prime factors of 23772?
2, 3, 7, 283
What are the prime factors of 2618?
2, 7, 11, 17
What are the prime factors of 1661?
11, 151
What are the prime factors of 724?
2, 181
List the prime factors of 23091.
3, 43, 179
List the prime factors of 1457.
31, 47
What are the prime factors of 24388?
2, 7, 13, 67
What are the prime factors of 1551?
3, 11, 47
What are the prime factors of 29882?
2, 67, 223
List the prime factors of 555.
3, 5, 37
What are the prime factors of 403?
13, 31
What are the prime factors of 11663?
107, 109
What are the prime factors of 3123?
3, 347
List the prime factors of 10834.
2, 5417
List the prime factors of 813.
3, 271
List the prime factors of 174609.
3, 29, 223
List the prime factors of 27027.
3, 7, 11, 13
List the prime factors of 8469.
3, 941
What are the prime factors of 56173?
13, 29, 149
What are the prime factors of 116876?
2, 61, 479
What are the prime factors of 40963?
13, 23, 137
What are the prime factors of 13970?
2, 5, 11, 127
List the prime factors of 6179.
37, 167
What are the prime factors of 6517?
7, 19
What are the prime factors of 667?
23, 29
What are the prime factors of 29198?
2, 13, 1123
What are the prime factors of 516?
2, 3, 43
List the prime factors of 4393.
23, 191
What are the prime factors of 51129?
3, 13, 19, 23
What are the prime factors of 4870?
2, 5, 487
List the prime factors of 15369.
3, 47, 109
List the prime factors of 181680.
2, 3, 5, 757
What are the prime factors of 4466?
2, 7, 11, 29
What are the prime factors of 661?
661
List the prime factors of 436.
2, 109
What are the prime factors of 5992?
2, 7, 107
List the prime factors of 964.
2, 241
List the prime factors of 1495.
5, 13, 23
List the prime factors of 1351.
7, 193
List the prime factors of 1887.
3, 17, 37
What are the prime factors of 259?
7, 37
List the prime factors of 18081.
3, 7, 41
List the prime factors of 37102.
2, 13, 1427
List the prime factors of 657.
3, 73
What are the prime factors of 78685?
5, 15737
What are the prime factors of 46372?
2, 11593
List the prime factors of 5133.
3, 29, 59
List the prime factors of 1235.
5, 13, 19
List the prime factors of 17174.
2, 31, 277
What are the prime factors of 12145?
5, 7, 347
What are the prime factors of 6248?
2, 11, 71
List the prime factors of 11518.
2, 13, 443
What are the prime factors of 48718?
2, 24359
List the prime factors of 48884.
2, 11, 101
List the prime factors of 2754.
2, 3, 17
List the prime factors of 286.
2, 11, 13
What are the prime factors of 13272?
2, 3, 7, 79
List the prime factors of 5542.
2, 17, 163
What are the prime factors of 24608?
2, 769
What are the prime factors of 2907?
3, 17, 19
What are the prime factors of 3275?
5, 131
What are the prime factors of 192572?
2, 31, 1553
List the prime factors of 129173.
11, 11743
What are the prime factors of 79046?
2, 11, 3593
List the prime factors of 2676.
2, 3, 223
What are the prime factors of 704?
2, 11
List the prime factors of 7756.
2, 7, 277
List the prime factors of 1475.
5, 59
What are the prime factors of 10518?
2, 3, 1753
What are the prime factors of 5738?
2, 19, 151
What are the prime factors of 1196?
2, 13, 23
List the prime factors of 1425.
3, 5, 19
List the prime factors of 123362.
2, 61681
List the prime factors of 2328.
2, 3, 97
List the prime factors of 709.
709
List the prime factors of 2698.
2, 19, 71
What are the prime factors of 2429?
7, 347
What are the prime factors of 12101?
12101
What are the prime factors of 15877?
15877
List the prime factors of 3347.
3347
List the prime factors of 34294.
2, 13, 1319
What are the prime factors of 38676?
2, 3, 11, 293
What are the prime factors of 57907?
79, 733
List the prime factors of 17822.
2, 7, 19, 67
What are the prime factors of 1655?
5, 331
What are the prime factors of 891?
3, 11
List the prime factors of 16325.
5, 653
What are the prime factors of 57156?
2, 3, 11, 433
What are the prime factors of 14243?
14243
What are the prime factors of 44140?
2, 5, 2207
What are the prime factors of 944?
2, 59
List th